3
Suppose 4*h + 5*n - 69 = 3*h, -h - 4*n + 64 = 0. What is the tens digit of h?
4
What is the units digit of (150/8 - 2)*(5 - 1)?
7
Let f be 4/((-16)/(-6))*2. Suppose -f = -2*t - 1. What is the units digit of t?
1
Let z(w) = -w**3 + 12*w**2 - 12*w + 10. What is the tens digit of z(8)?
7
Let l(z) be the first derivative of -z**4/4 + 3*z**3 + z**2/2 + 7*z - 1. Let y(q) = -q**3 + 12*q**2 + 12*q + 22. Let j be y(13). What is the tens digit of l(j)?
1
Suppose 2*c - 57 = 27. What is the tens digit of c?
4
Let u(a) = a**2 - 4*a + 4. Let h be u(5). Let o(j) = -j + 1 + 0 + h*j. What is the units digit of o(1)?
9
Let c(b) = -4*b**3 + 4*b**3 - b**3 - 3 + 3*b**2 + 5*b. Let h be c(4). Suppose n - 3 = h. What is the units digit of n?
4
Let h = 17 - -70. What is the units digit of h?
7
Let z(d) = d**3 + 5*d**2 - 6*d + 1. What is the tens digit of z(-5)?
3
Let r = -9 + 13. Suppose -2*a = -z + r, -2*z + 6 = -0*z - 2*a. Suppose z*g - 4*g + 20 = 0. What is the units digit of g?
0
What is the hundreds digit of (-2 + 148/(-5))/(12/(-60))?
1
Suppose -3*z = -4*r - 0*r + 8, -4*r + 8 = -4*z. Suppose z*u = -5*u + 10. Suppose 80 = -u*p + 6*p. What is the tens digit of p?
2
Suppose 3*v + 4 = 4*h + 22, 0 = -2*v + h + 12. Let o(p) = -p + 10. Let i be o(v). Suppose c - 3*g - 22 = -3*c, -4*c + i*g = -24. What is the units digit of c?
4
Let n(q) = q**2 - 2*q - 3. Let u be n(6). Let z = -13 + u. What is the units digit of z?
8
Suppose -29 = 2*s - 3*s. What is the tens digit of s?
2
Let p(u) = -u**2 - 10*u + 14. What is the units digit of p(-10)?
4
Suppose -w + 4*t = -15, 0*w = -4*w - 5*t + 144. What is the units digit of w?
1
Suppose -3*g = -3, -5*u + g - 5*g = -399. What is the units digit of u?
9
Let v(o) be the second derivative of -5*o**3/6 - o. Let h(k) = -k. Let z(u) = -35*h(u) + 6*v(u). What is the units digit of z(1)?
5
Suppose 3*r - r = 2*u - 104, -5*r = u - 58. What is the tens digit of u?
5
Let n(x) = 2*x - 10. Let m(f) = -3*f**3 + 2*f**2 - 1. Let z be m(1). Let s be (18/(-4))/(1/z). What is the units digit of n(s)?
8
Suppose 0 = 3*b + b - 16, 5*m - 3*b = 363. What is the units digit of m?
5
Suppose 0*l = -2*l + 4. Let x(s) = s**3 - 4*s**2 - 4*s. Let n be x(5). Suppose l*i = -5*a - n + 75, a - 32 = -4*i. What is the units digit of a?
2
Suppose -3*s + 5*o - 17 = -145, o - 158 = -3*s. What is the tens digit of s?
5
Let b = 3 + 16. Suppose 3*f - 2*f = -4*t - b, 0 = f - t - 1. What is the units digit of 56/21 - (-2)/f?
2
What is the units digit of 2/(-11) - 1*21224/(-88)?
1
Suppose 3*h - 8*h = -325. What is the tens digit of h?
6
Let q be -4*(-4)/16 - 5. What is the units digit of q*6*(1 - 2)?
4
Suppose 2*z + 3*b = 70, -121 = -5*z + b + 71. What is the tens digit of z?
3
Let n = -7 - -12. What is the units digit of (14/n)/(4/20)?
4
Let o(x) = -2*x - 4. Let c be o(-4). Let a(k) = k**2 + 1. Let g be a(1). What is the tens digit of (22/4)/(g/c)?
1
Let o = 7 + 7. Suppose 0 = f - 4 - 0. Suppose j + f = o. What is the tens digit of j?
1
Suppose 152 + 218 = 5*f. What is the units digit of f?
4
Suppose 3*s - 215 = -5*q + q, -4*q = s - 213. What is the tens digit of q?
5
Suppose -u + 2 = v, -4*v + 0 = 5*u - 11. Suppose l = 5 + u. What is the units digit of l?
8
Let c be (12/24)/((-2)/32). Let a(m) = -m**3 - 7*m**2 + 2*m - 4. What is the units digit of a(c)?
4
Let j = 144 + -102. Suppose -5*q = -s + 150, 90 = 3*q - 6*q - 5*s. Let m = q + j. What is the tens digit of m?
1
Suppose -2*u + 3*u = 9. Let h(r) = -r**2 + 13*r + 2. What is the tens digit of h(u)?
3
Let k(w) = w - 4. Let f be k(7). What is the units digit of f/(-2) - 20/(-8)?
1
Let l be (-8)/28 + (-44)/(-7). Suppose 2*a + l = 4*a. What is the units digit of -3 - 1*-3*a?
6
Let s = -18 + 22. Suppose 2*r - 6*r - 12 = -4*w, 0 = 3*w - s*r - 6. What is the units digit of w?
6
Let i(h) = 12*h**2 - 4*h + 2. Let y be (-8)/(-3)*30/40. What is the tens digit of i(y)?
4
Suppose -5*x - 4*t = 24, -t = -4*x - 16 + 1. Let b(q) = 3*q - 3. Let w be b(3). What is the units digit of x/(-6) + 32/w?
6
Suppose -38 = -p - 0. What is the units digit of p?
8
Suppose -2*y + 2*j - 4*j + 10 = 0, 10 = 4*y - j. Let u(n) = -n**3 - 3*n**2 + 0*n**y + 3*n**2 - 1 + 2*n. What is the units digit of u(-2)?
3
Let q = -150 - -312. What is the units digit of q?
2
Let f(y) = 4*y - 30. What is the tens digit of f(13)?
2
What is the units digit of (63 - -6)*(1 + 0)?
9
Let m = -92 + 155. What is the tens digit of m?
6
Let h(b) = -b + 1. Let x be h(-4). Let i = 0 + x. Let k(n) = -n**3 + 5*n**2 + 2. What is the units digit of k(i)?
2
Let m(x) = x**2 + 3*x - 1. Let g be m(-4). Suppose -3 = -3*k + g. Suppose -4*p = p + 3*y - 7, 0 = 3*p + k*y - 4. What is the units digit of p?
2
Let w = -14 - -4. Suppose 7 - 1 = -3*d. What is the tens digit of (2 + 0)*w/d?
1
Suppose -3*j - 5*d = -2*j - 11, 3*j - 5*d - 33 = 0. Suppose 5 = -2*h + j. What is the units digit of h?
3
Let s(p) = 3*p - 3. Let n be s(5). Suppose n = -2*c - c. What is the units digit of (c/14)/(1/(-7))?
2
Suppose -v + 0*v = 5. Let n(j) = -10*j - 5. Let f be n(v). Suppose 21 = r - 4*l, l + 2*l + f = 4*r. What is the units digit of r?
9
Let h = -10 + 16. Let m(v) = v + 1. Let b(f) = f**2 - 2*f + 2. Let y(u) = h*m(u) - b(u). What is the units digit of y(8)?
4
Let q(v) = -v**2 + v + 1. Let w(d) = -d**3 - 3*d**2 + 9*d + 4. Let k(n) = -6*q(n) + w(n). What is the units digit of k(3)?
7
What is the tens digit of (-9)/(-3)*(4 + -3 + 97)?
9
Suppose -7*r + 2*r + 30 = 0. Suppose -q = -r - 13. Let v = q - 0. What is the tens digit of v?
1
Suppose -3*d = -6 - 6. Suppose -d*u = u + 5*i - 155, 2*u + i - 58 = 0. What is the tens digit of u?
2
Suppose 71 + 39 = 5*u. Let g = 7 - 5. Suppose 0 = -g*v + u + 20. What is the units digit of v?
1
Let n = 5 + -2. Suppose 2*q - n*q = -9. Let c = -2 + q. What is the units digit of c?
7
Let d(j) = 5 - 2 - 4*j + 2*j**3 + 0. Let z(q) = 2*q**2. Let o be z(1). What is the tens digit of d(o)?
1
Let s(o) = -o**2 + 9*o + 8. Let d be s(10). Let r = 15 + d. What is the units digit of r?
3
Let d = 6 - 8. What is the units digit of (-704)/(-121) + d/(-11)?
6
What is the tens digit of (6/3 + -33)/(-1)?
3
Let t be 3/(-3) - (0 - 6). Suppose -4*j - g - 4 = -t*g, -5 = 2*j - 3*g. What is the units digit of j?
2
Let y(q) be the third derivative of q**6/120 + 2*q**5/15 + q**4/4 + q**3 - 19*q**2. Suppose -m - 7 = -0*m. What is the units digit of y(m)?
3
Suppose -5*c = -3 - 12. Suppose j + 3*n - 18 = 0, -c*n + 5 = -3*j - 1. What is the units digit of j?
3
Suppose -31 - 5 = s. Let i = s - -22. What is the units digit of (i/(-5))/((-2)/(-5))?
7
Let x be (63/(-15))/((-1)/(-5)). Let p be 4/14 - 57/x. Suppose p*i + 0*i - 27 = 0. What is the units digit of i?
9
Let u = 28 - -83. What is the units digit of u?
1
Let a(t) = 3*t - 4. What is the tens digit of a(8)?
2
Let x = 7 - 7. Let z = 3 + x. What is the units digit of z?
3
Suppose -2*w = 2, 4*b + 4*w + w = 11. What is the units digit of b?
4
Let k(v) = 4*v**2 + 1 + 5*v**2 + v - 3*v**2 - 3 - v**3. What is the units digit of k(6)?
4
Let j = 191 - 118. Suppose -3*w + j = -2*o, 4*w - 3*o - 99 = -0*o. What is the tens digit of w?
2
Let b(l) = l. Let n = -8 + -19. Let o be (-141)/n - (-4)/(-18). What is the units digit of b(o)?
5
Suppose 2*q - 219 = -3*a, 3*a - 7*a - q = -297. What is the tens digit of a?
7
Let q(n) = -4*n + 3. Let g be q(-7). Let d = -22 + g. What is the units digit of 0 + (-2)/(-3)*d?
6
Suppose j + 21 = -5. Let f = 2 - j. What is the tens digit of f?
2
Let r = -4 - -9. Let p(x) = -x**3 + 5*x**2 + 3. Let n be p(r). What is the tens digit of (-69)/(-6) - n/6?
1
Let d(w) = w**3 - 7*w**2 - 4*w + 4. Let p be d(7). Let t be (2 + -1)*0 - p. Suppose 3*m = -3 + t. What is the units digit of m?
7
Let o(t) be the third derivative of -t**6/120 + t**5/60 + 2*t**3/3 + t**2. What is the units digit of o(0)?
4
Suppose n = 5*i + 65, 77 = n - 0*n - 2*i. What is the tens digit of n?
8
Suppose 0 = -u - 5*m, 0 = -3*u - 4*m + m + 60. Let y = 3 + u. What is the units digit of y?
8
Let h(j) = 4*j**3 + j**2 - j. Let a be h(1). Suppose -a - 4 = -2*y. What is the units digit of y?
4
What is the tens digit of (-113)/(-5) + (-21)/35?
2
Let z = -43 - -61. Let w(c) = -2*c + 3. Let j be w(7). Let k = z + j. What is the units digit of k?
7
Suppose 2*r = 5*a - 41, -5*a + 4*r + 50 = -r.